?
-56
Calculate -1 + (6 - 6) + 2 + -1 + -6.
-6
What is the value of (-16 - (-13 + 11) - (-1 - 12 - -4)) + 91?
86
What is the value of (-120 - 5) + (-581 - -646)?
-60
What is the value of 39 - 53 - (-23 - 2) - (-29 - -1)?
39
Evaluate ((-3 - 1) + -7 - (1238 + -1241)) + (-1 - 57).
-66
(-1 + 15 - 1) + (39 - (59 - 39))
32
Evaluate -98 - ((-4 - 5) + 17 - (20 - (15 - 8))).
-93
-2 - 29 - (-14 + (-92 - -32))
43
-41 + (22 - -79) + -74
-14
(51 - (33 - -15)) + 0
3
(-116 - (-42 + 50)) + 178
54
What is the value of -2 + -89 - (6693 - 6684)?
-100
Evaluate -14236 + 14151 + 37 + -1.
-49
(-5 + -1 - (-510 - -496)) + -29
-21
Calculate (17 - (-4 - -9)) + 3 + -19 - (57 + -2).
-59
3 - (-3 - -2) - 0 - (-21 + 45 - -121)
-141
What is -1 + 0 + -15 - (-25916 - -25871)?
29
What is the value of 56 - (-18 + 46 - -45)?
-17
-26 + (-1 - (4 - 15 - -5) - 1)
-22
What is the value of 27 + (14 - 0) + 25 + -47?
19
What is 5 + 3 + (-3 + 20 + -7 - -1)?
19
What is the value of (130 - 75) + (-42 - -13 - -10)?
36
(-1606 - -1602) + (-29 - 7)
-40
What is (0 - 12) + (-593 - -587) - 22?
-40
What is the value of 4 - 9 - (-23 - -9 - (27 - -6))?
42
Evaluate 0 + 89 + 326 + -370.
45
What is -62 + (-56 - (-13 - 34))?
-71
What is the value of (-18 - ((-73 - -54) + 3 + -126)) + 12 + 0?
136
(104 - 61) + -48 + 55
50
What is 2 - ((-38 - -7) + -15 + 27)?
21
What is -7 + (-16 - -84) + (26 + -13 - 21)?
53
What is 5 - (33 + -31 - 28)?
31
What is the value of 16 + -27 - (-30 - -34 - (1 + -1))?
-15
Evaluate (-81 - 56 - -128) + (3 - -21 - 0).
15
What is -118 + (4 - 4 - -1) + -34 + (68 - 31)?
-114
-10 + (-28 - (-57 + 31) - -66)
54
Evaluate -2 + -2 + (-56 + -4 - -32).
-32
Evaluate -65 + -93 + 119 + 13.
-26
What is the value of -48 - (-47 + 35 - (-16 - -3))?
-49
Calculate 102 - 5 - ((16 - 12) + (10 - 1) + -7).
91
What is the value of 59 + (-83 - -40) + 52?
68
Calculate 15 + -8 + 0 + (-12 - (33 - 19)).
-19
Evaluate 58 + (-26 + -81 + 126 - (8 - 1 - 0)).
70
What is 59 + (30 - 147 - -63)?
5
Evaluate -10 - 74 - (-29 - -26).
-81
Evaluate 0 - 44 - (889 - 917).
-16
What is -50 - -116 - (13 - 24 - -6)?
71
Calculate (74 - 58) + -14 + 42.
44
What is the value of 30 + -398 + 365 + (11 + 3 - -3)?
14
What is the value of (-56 - -52) + -11 + 13 + 92?
90
What is the value of -6 - (5 - (2 + -2 + 3)) - (-2 - -19)?
-25
Evaluate -80 - (-2 + (1 - 39)).
-40
What is the value of 10 - -7 - (-376 + 372)?
21
Calculate -201 + 150 + -5 + 43.
-13
Calculate 99 + (-21 - 85) + (-3 - -92).
82
What is -87 - 1 - (20 + (-33 - -24)) - 9?
-108
What is 9 + (-31 + (-3 - -7) - -6) + 2?
-10
20 - (-2 - ((8 - (1 + 0 - 2)) + -7))
24
Evaluate (-18 - -49 - -7) + -45.
-7
Calculate 1 - ((58 - 76) + -42 + 4).
57
15 - (-72 - (-36 + 36 - (8 + 2)))
77
Calculate 122 + (60 - 100) + -26.
56
What is the value of -59 + (96 - 92 - -79)?
24
(-20 - -7 - -13) + -19 - (-1 + 13)
-31
Calculate -15 + 12 + (14 + -10 + 26 - 16).
11
Evaluate (0 - (0 - -2 - -1)) + (-426 - (49 + -514)).
36
What is (-122 - (-9 - 43)) + 53?
-17
What is -8 - ((-40 - -34) + (-3 - -1 - (-2 + 2)))?
0
What is (10 + 1 - 2) + (9 - (2 - 5))?
21
17 + (-50 - -42) + -55
-46
Calculate (-12 + 3 - 1 - -4) + 8 + -26.
-24
What is (-19 - -10) + 10 - 3 - (59 + -180)?
119
What is the value of -2 - (-56 + 10) - 32 - (2 + -69 + 0)?
79
What is -1680 + 1682 - (1 + (1 - 3 - 0 - -30))?
-27
Evaluate 3 - 0 - ((-101 - -165) + -96).
35
Evaluate (-239 - -226) + (-8 - (5 + -3)) + 5.
-18
Calculate (3 - -1) + 25 + 29 + -21 + -6.
31
21 - 1 - (-96 + 4 + (44 - 22))
90
0 + -80 + (2113 - 2074)
-41
What is -44 + -55 + -46 + 104?
-41
Calculate -50 + (28 - -25) - 20.
-17
8 - ((100 - 74) + (-7 - (-4 + 3)))
-12
Evaluate -1 + -18 - (107 + (-12 - 104)).
-10
Evaluate (-6 - -5) + 8 + 0 + -2 - 49.
-44
82 + 16 + 12 + -35 - (-7 - -6)
76
-147 + 1 + (14195 - 14133)
-84
-8 - -46 - 25 - (-6 - -53)
-34
What is -57 + (21 - 12) + 51?
3
What is (0 - 4 - (985 + -1017)) + -47?
-19
Calculate -56 - (-19 + 19 + -4).
-52
Evaluate -63 - (-16 + 49 + -154).
58
What is 26 - 13 - (-17 - (14 + -37))?
7
Calculate 83 - (8 + (-1 - 1) + 1 - (1191 + -1180)).
87
Calculate -7 - -19 - 2 - (-9 + -2 + 1).
20
What is the value of 17 + (-8 - -9) + -6 - (9 + -32 + 11)?
24
17 + -38 - (-2 - (6 + -34))
-47
What is (-46 + 89 - 16) + (-2 - -2) + 1 + 10?
38
Evaluate ((11 - -38) + -104 - (-9 - 1)) + -11 + 9.
-47
What is 31 + 1 + -9 + -9 - 53?
-39
Evaluate (-80 + 40 - -24) + 31 - (-1 - 68).
84
(2 - 11 - (64 + -70)) + 6 + (-39 - -15)
-21
0 - -106 - (1 + -2) - (127196 + -127216)
127
What is 3 + 54 + 0 - (0 - 0 - (260 + -267))?
50
Calculate -21 - (-9 + (7 - -7) + -19 + 26).
-33
Evaluate -536 - -542 - ((14 - 4) + (0 - -3)).
-7
Evaluate 1 - -34 - (-375 + 451).
-41
-3 - -2 - -14 - (1158 - 1185)
40
What is 18 + -46 + 29 + 40?
41
What is the value of (147 - 105) + -19 + -87?
-64
Evaluate 118 - (-43 + 19 + -5 - -20).
127
19 + -7 + 4 - (206 - 228)
38
Calculate 38 - (2 + 15 + 21).
0
What is 88 + 0 + (-40 - (33 - 68))?
83
2 - (-9 + -1 - (-28 - (18 - 26)))
-8
-8 - (8 + -19) - -38
41
(-17 - -38 - 34) + 1 + 5 - -22
15
What is 0 + 18 + -27 + -50?
-59
What is -85 + 27 - ((1 - -1) + -49 + 47)?
-58
What is 98 - 103 - (42 - 9)?
-38
What is (-1 - (-5 - 3)) + (-68 - (-1 + -74)) + 135?
149
(28 - 16 - (1 + -7)) + 10
28
What is 56 - (10 + 174 - 59)?
-69
What is 12 - (9 - (-5 - -22)) - (-3 + 110)?
-87
Calculate 5 + (-1 + (1 - 8) - (70 - (114 + -43))).
-2
Calculate 1 - -33 - (2042 + -2004) - (2 - 10).
4
Evaluate -18 + (-11 - -13) + 1 - (-58 - -103).
-60
Evaluate 14 - ((31 - 32) + -7 + -5 + -15).
42
Evaluate 7 + -6 + -39 + (23 - ((10 - -5) + -7)).
-23
-42 - ((-6 - -9) + -11)
-34
What is (3 - (0 - (-33 + 8 + 10))) + 60 - 8?
40
What is the value of 35 - ((-293 - -288) + (96 - -1))?
-57
Evaluate 21 + 15 + (-53 - 12).
-29
Evaluate (98 - 16) + -104 - -78.
56
What is 1 + (135 + -157 - (-16 - 2))?
-3
Calculate (-2 - (-1 + (2 - 12))) + (-48962 - -49046).
93
Calculate (11 - -4 - 10) + (14 + -20 - -106 - 1).
104
39 + (16 - -1) + 249 + -271
34
What is the value of (34 + -18 - 23) + -14 + 69?
48
What is (442 - 353) + (0 - 63)?
26
What is the value of (-1 - -3) + 4 + -3 + 65 - (5 + -1)?
64
Calculate (0 + -31 - -1) + (-3 - -47) + -22 + -19.
-27
-37 - (4 + -16 + -18 + 24)
-31
(-86 - (-71 + -82)) + (-22 - 1)
44
Evaluate 1 + 20 - (-1329 + 1301).
49
What is -8 - -3 - -12 - (-30 + 43)?
-6
Evaluate (-191 - (-12 + -47)) + 19 + -3 - 5.
-121
(-7 - 1) + (89 + -106 - -75)
50
2 - 3 - (-20 - 0 - (180 - 158))
41
-56 + 47 + (10 - (4 - 4)) - 4
-3
Evaluate (-28 - -26) + (9 - -5 - (-2 + 6) - 5).
3
Calculate (142 - (17 + 122)) + (1 + 1 + -1 - -3).
7
What is -4 + 0 + (1440 - 1421)?
15
Calculate -141 + 170 - (2 - -1).
26
Evaluate 61 + -30 - (2 - -8 - 1).
22
-8 + 16 - (3 + 0 + 3 + 2 + -74)
74
116 - 8 - 40 - -47
115
What is -6 - -7 - 3 - -4 - (-10 + -14 + 13)?
13
Calculate 9 - ((-17 - -52 - 28) + 1 + 88).
-87
Evaluate 28 + -1 + (-22 - (5 + 5 - 24)).
19
Evaluate 31 + -12 + 2 + -6 + -6 + 21.
30
Evaluate 36 + (1 - (4 + -11 + -5 + 23)).
26
Calculate -41 + 147 - (99 - 2).
9
What is 62 + -104 + -118 + 88?
-72
What is the value of -34 - -156 - 116 - -36?
42
Evaluate -33 - (57 + (-75 - -23)).
-38
Calculate -9 + -2 - (-25 - (-23 + 5 + 19)).
15
What is 73 - ((0 - 3) + (-3 - -18) - (-4 + 20))?
77
-50 - (11 - 1 - (-25 - -7 - -1 - -19))
-58
Evaluate 24 + (625 + -641 - (-1 + 3)).
6
Calculate 16 + -5 + -6 + 48.
53
What is the value of (-45 - 7) + 97 + -26?
19
(-154 - -228) + -32 + 5 + -2
45
0 - (-1 - (21 + (12 - 15)))
19
What is -3 + 40 - (-4015 - -3990)?
62
What is the value of 23305 - 23281 - (0 - -26)?
-2
(-61 - 1) + 23 - (15 - 28)
-26
What is -133 - (8 - 0) - (7 - (37 - 8))?
-119
What is the value of (38 - 37) + (-17 - 2) - (17 - (-10 - -16))?
-29
Evaluate (2 + -6 - -7) + -3 - (48 + 1 + 9).
-58
Calculate 0 - -21 - (18 + -16 - (-37 + 52)).
34
Calculate 14 - (-3 - (-17 + 6 - -27)).
33
What is 1 - -61 - ((-8 - (1 - 16)) + 6)?
49
-55 + 22 - 69 - (4 - -4 - 24)
-86
What is -1 + -1 - ((28 + -50 - -24) + (0 - 57))?
53
What is the value of -2 + 21 + (-26 - -29) - 12?
10
-2 - ((20 - 30) + (6 - -12) - 110) - 10
90
Evaluate (12 - -2) + (-10 + -6 - -17) + -11.
4
-58 + 249 + -87 - (31 + 1)
72
Evaluate (50 + 12 - 98) + (0 - 1 - -15).
-22
-3208 + 3078 - (-105 + 7)
-32
Evaluate -278 + 250 - (-25 + 3).
-6
What is -86 - (17 - (-34 + 25) - 31)?
-81
What is the value of 49 + 0 + 